Let x(r) be the first derivative of -r**6/120 - r**5/15 + r**4/4 + r**2 - 4. Let y(c) be the second derivative of x(c). Calculate y(-5).
-5
Let y(o) = -o**3 - 5*o**2 + 6*o + 1. Let h be y(-6). Let t(s) = 274*s - 1 - 274*s + 10*s**3. What is t(h)?
9
Let b(o) be the second derivative of 1/12*o**4 + 2*o + 2*o**2 + 1/6*o**3 + 0. Determine b(0).
4
Let t(b) be the third derivative of b**4/24 + 5*b**3/6 + 68*b**2. Let u(q) = -q**2 - 7*q. Let n be u(-6). Determine t(n).
11
Suppose 8 = -2*k, 2*n = 5*k - k + 20. Let f(y) = 2*y**n + 3*y**2 + 3*y - 3*y**2 - y**2. Suppose 0*h = -3*v + 3*h - 18, 4*v + 3 = -3*h. Give f(v).
0
Let r be ((-15)/18 + 2)/(3/18). Let a(s) = s**3 - 6*s**2 - 6*s - 1. Give a(r).
6
Let h(z) = 20*z**2 - z + 1. Let c(y) = -y**2 - 6*y - 7. Let f be c(-2). Determine h(f).
20
Suppose -g + 6 = -3*f - 5, 5*g = 3*f + 31. Let z(x) be the third derivative of x**6/120 - x**5/12 - x**3/3 - x**2. Calculate z(g).
-2
Suppose -7*v + 12*v = 0, 5*v = 4*b + 4. Let d(h) = 8*h**2 + h. Give d(b).
7
Let h(m) = -4*m**2 - m. Let f be 4/2 + 1 + -1. Let b(q) = 2 - 3 + 4*q**f - q**2. Let g(i) = -3*b(i) - 2*h(i). Give g(-2).
-5
Let i(h) be the first derivative of h**3/6 - h**2/2 - 2*h + 3. Let o(s) be the first derivative of i(s). Give o(7).
6
Let n(c) = -7*c**2 + 9*c - 1. Let s(u) = -6*u**2 + 8*u - 1. Let l = -13 - -19. Let y(k) = l*s(k) - 5*n(k). Calculate y(4).
-5
Let n(h) be the second derivative of h**4/12 - 2*h**3/3 - 4*h**2 - 43*h. Suppose -2*w - 5*l + 17 = 0, 0 = -5*w + 5*l + 7 + 18. What is n(w)?
4
Suppose 5*g = 2*g - 6. Let s = g - -2. Let v(z) = -5*z + 4*z + s - 2. Calculate v(-4).
2
Let a(x) = 2*x + 2*x**2 + x**2 + 3*x + 3 - 4*x**2. Suppose 2*v = y - 6, 0 = -4*y - v + 53 + 7. Suppose 11 + y = 5*h. Determine a(h).
3
Let x(r) = -r**2 + 8*r - 4. Suppose -45 + 110 = 5*b. Suppose 2*w + b + 7 = 4*p, -4*p - w = -26. Determine x(p).
8
Suppose -2*m + 5 = -m. Suppose m*y - 15 = 5. Let j(g) = -g**3 + 3*g**2 + 2*g. Determine j(y).
-8
Let w = 7 + -5. Let l(x) = x - 2. Let y be l(6). Let u(r) = 2*r**2 + 7*r - 3. Let v(z) = -3*z**2 - 8*z + 3. Let d(c) = y*v(c) + 5*u(c). Calculate d(w).
-5
Suppose 3 = 2*x - x. Suppose 0*h - x = -h. Let b(j) = 4*j - h*j - 1 + j + j**2. What is b(-4)?
7
Let a(z) = z**2 + 8*z + 1. Let g be 1*(-6)/(-18) - 44/6. What is a(g)?
-6
Let b(t) be the third derivative of -t**4/24 - t**3/6 + 2*t**2. Let a be b(-3). Let s(i) = -i - 2 + 0*i - a. What is s(-3)?
-1
Let h(b) = -b - 13. Let m be h(-20). Let y(n) = -n**2 + 5*n + 8. Calculate y(m).
-6
Let a(x) = -9*x + 3. Let t be 7 + (-2 - (0 - 1)). Let u(g) = -10*g + 4. Let s(q) = t*u(q) - 7*a(q). Suppose -2*h - 1 = 3. What is s(h)?
-3
Let y(c) = 3*c**2 + 2*c - 1. Let s(u) be the first derivative of -u**2/2 + 4*u - 1. Let a be s(6). Give y(a).
7
Let d(x) be the second derivative of -x**5/20 - x**4/6 + 5*x**3/6 + 2*x**2 + 2*x. Let b(o) = o + 7. Let g be b(-10). Determine d(g).
-2
Let c(u) = u**2 + 2*u + 3. Let z(h) = h + 1. Let o be z(-3). Let t be c(o). Let l(y) = 2*y + 3. What is l(t)?
9
Let s(p) = p**3 + 7*p**2 + 6. Let y(h) = h - 7. Let t be y(0). Give s(t).
6
Let n(y) be the first derivative of -y**4/4 + 7*y**3/3 - 3*y**2 - 2*y + 6. What is n(6)?
-2
Suppose 0*d - 2 = -d. Suppose v - 3*b - d = -4*b, -2*v + 5*b + 4 = 0. Let z(y) = -1 - 2*y - 3*y + 2*y**2 + 4*y. Give z(v).
5
Suppose -20 = -9*z + 4*z. Let a(y) = -z*y**2 + 2*y**2 + y**2 + 7*y - 4. Give a(3).
8
Let j(h) = 7*h + 1. Let u = -3 + 4. Let x be (-4)/(-6) - (-8)/(-3). Let l = x + u. Give j(l).
-6
Let n(u) be the first derivative of -u**2/2 + 4*u + 1. Suppose 0 = -6*h + 3 - 21. Determine n(h).
7
Let y(t) = -t - 16. Let q be y(-15). Let s be q*(-6 - -3)/(-1). Let x(z) be the first derivative of -z**3/3 - 3*z**2/2 + 3*z - 1. What is x(s)?
3
Let o(n) = n**3 + 16*n**2 + 16*n + 24. Let w be o(-15). Let d(p) = -p**3 + 10*p**2 - 9*p + 10. Give d(w).
10
Suppose 0*y = 2*y + 2. Let p(r) be the third derivative of 1/12*r**4 + 0*r + 1/6*r**3 + 2/15*r**5 + 0 + 2*r**2. What is p(y)?
7
Let p(f) = 1 - 21*f**2 + 11*f**2 + 2*f + 11*f**2. Let a be 11/3 + (-3)/(-9). Suppose 0 = a*o + 1 + 3, -3*o - 9 = 3*d. What is p(d)?
1
Let x(a) = a + 4. Let p be (-2)/5 - 128/(-20). Let c be (7/7)/(2/p). Calculate x(c).
7
Let x(b) = -9 - b**3 - 3 - 3*b**2 - b + 9. Let z(l) = l**2 - 6*l - 3. Let d be z(6). Determine x(d).
0
Let q(w) = -w + 3. Let j be ((-8)/10)/(1/5). Let i be ((-6)/(-5))/(j/(-10)). Suppose 0 = -5*o + 25, x - 6*x - i*o = 0. Give q(x).
6
Let w(l) = -5*l**3 + 5*l**2 + 8*l + 3. Let q(t) = 4*t**3 - 5*t**2 - 7*t - 2. Let h(g) = 6*q(g) + 5*w(g). Calculate h(-3).
-9
Let r(j) = 6*j**2 + 15*j - 13. Let o(c) = -3*c**2 - 8*c + 7. Let l(d) = -11*o(d) - 6*r(d). Suppose 0 = -3*k + 5 - 2. Calculate l(k).
-4
Let u(h) = h**3 - 10*h**2 + 9*h + 3. Let o be u(9). Let q(a) = a**o - 6 - 4*a**2 + 2*a**3 - 2*a**3 - 4*a. Calculate q(5).
-1
Let l(u) = 0 - 5*u + 3*u + 6. Suppose 0 = -v + 2*v. Let o(p) = p**2 + 5. Let a be o(v). Give l(a).
-4
Let b(a) = -1 + 3*a + a - 5*a. What is b(-6)?
5
Let i(r) = 14*r**3 + 4*r**2 + 12*r + 1. Let t(j) = 5*j**3 + j**2 + 4*j. Suppose 5*y - 48 = 3*v, 4*v = 6*v + 2*y + 16. Let w(c) = v*t(c) + 4*i(c). Give w(-3).
10
Let i(x) = x**2 - 6*x + 3. Suppose -48 = -3*p + 7*p. Let h be (-52)/p - (-6)/9. Calculate i(h).
-2
Suppose 0 = -0*f - 4*f. Suppose 2*j - j + 1 = f. Let d be 0/9*j/(-2). Let y(q) = -q**3 - q**2 - q - 6. What is y(d)?
-6
Suppose z = 4*z - 78. Let t(b) = -10*b + z*b + 5 - 17*b. Let h(m) = -m + 5. Let u be h(5). Determine t(u).
5
Let v(x) = -2*x - 6. Let q = 14 - 14. Suppose -3*u + 3*m = q, -5*u - 14 = -2*m - 2. Calculate v(u).
2
Let n(q) = 4*q**2 + 7*q**2 - 3*q + 4 + q**3 - 8*q**2. Calculate n(-4).
0
Let h be -1*(-1 + (-12)/3). Suppose 0 = 5*s - 5*i + 5 + h, 2*s - 3*i = -1. Let r(k) = k**2 + 4*k. What is r(s)?
5
Let b(w) = 5*w - 2*w + 5*w - 5*w - 4*w. Suppose 0 = 5*m - 4*g + 9, 2*g - 1 = 2*m + 3. Let u = m - 1. What is b(u)?
2
Let z(x) be the first derivative of -x**4/4 - 2*x**3 - 7*x**2/2 - 3*x + 1. Suppose c - 2*c = -4. Suppose y + 25 = -c*y. Calculate z(y).
7
Suppose -2*v = -0*v + 8, -s + 3*v = -16. Let c(l) = -2*l**3 + l**2 - 21*l - 9. Let a(o) = o**3 - o**2 + 10*o + 4. Let u(n) = 9*a(n) + 4*c(n). Determine u(s).
8
Let q(w) = 5*w**2 + 2*w + 1 - 4*w**2 - 2*w**2 + 2*w**2. Let g(p) = -p**2 - 6*p - 2. Let u be g(-4). Let l be (-1)/(-3) + (-20)/u. Determine q(l).
4
Let b = 97 + -103. Let a(p) = -p**3 - 7*p**2 - 4*p + 2. Determine a(b).
-10
Let j = -7 + 7. Let t be j/((-1 - 0)*1). Let z(g) = 6*g + t*g - g**3 - 5*g**2 + 2*g**3. Give z(4).
8
Let r(a) = 4 + 9*a**2 + 2*a - 2*a**2 + 2*a**2 - 5. Let d(t) be the first derivative of t**3/3 - t**2/2 - t - 2. Let m be d(2). Give r(m).
10
Suppose 0 - 4 = -2*w. Let s(h) = -3*h**3 + 2*h**2 + h. Calculate s(w).
-14
Let b(z) = 35*z**3 - 24*z**3 + 2*z**2 - 3*z**2. Determine b(-1).
-12
Let j(l) = l - 21. Let z be j(16). Let f(c) = c + 5. What is f(z)?
0
Let p(f) = -f - 3. Let h be (-2)/(-4)*(0 + 0). Let q = -2 + h. Let j = q - -2. Give p(j).
-3
Let c(y) = -y - 4. Suppose -5*s - 3 = -o, -o + 0 = -3*s - 5. Suppose -10 = -4*x + 2*g, -5*x + 6 = -g - o. Calculate c(x).
-7
Let a(b) = b**3 - b**2 - b. Let s be a(2). Suppose -s*p - 2 = -3*p. Let d(y) = y**2 - 3*y + 1. Calculate d(p).
-1
Let i(w) = -w - 3. Let u be i(8). Let q = -14 - -8. Let t = u - q. Let c(n) = 2*n + 2. Calculate c(t).
-8
Let a(t) = t**3 + 4*t**2 - t - 5. Suppose 2*m + 1 = 15. Let k be (-8)/(-10)*105/m. Suppose -2*x - k = x. Determine a(x).
-1
Suppose 0 = -3*g - 5*f - 28, 2*g = -g + 2*f - 14. Let s(a) = a**2 + 7*a + 2. Give s(g).
-4
Let f(v) = -16*v + 26. Let d(n) = 3*n - 5. Let p(s) = 11*d(s) + 2*f(s). Let z = 19 + -15. Suppose z = -3*b + 22. What is p(b)?
3
Suppose 3*m = -f + 10, -3*m = m - 3*f + 4. Let v(c) = -3*c + 1 + 6*c + c**2 + c**m + c**3. Give v(-2).
-5
Let o(z) = -8*z**2 + 22*z - 23*z - 2*z**2. Let u be (-2)/(-1)*3/(-6). Calculate o(u).
-9
Let k(m) = -m + 3. Let o = -17 + 13. Calculate k(o).
7
Let h(w) be the first derivative of -2*w - 5 + 1/3*w**3 + 5/2*w**2. Let t(m) = m**2 - 8*m + 8. Let b be t(6). Determine h(b).
-6
Let u(s) = -3*s**2 + 3*s - 2. Let r = -22 + 18. Let i be -5*1*r/10. What is u(i)?
-8
Let d = 5 + 3. Let b(m) = 3 + d*m + 0 + 8*m**2 - 7*m**2. Calculate b(-7).
-4
Let w(v) = v**2 - 4*v - 3. Let p be 5/(-20) + (-10)/(-8). Let r be